of 70451?
7
What is the hundreds digit of 100776?
7
What is the thousands digit of 6701?
6
What is the thousands digit of 2329?
2
What is the tens digit of 51840?
4
What is the ten thousands digit of 51667?
5
What is the tens digit of 735?
3
What is the units digit of 9737?
7
What is the ten thousands digit of 56168?
5
What is the hundreds digit of 1771?
7
What is the tens digit of 16816?
1
What is the units digit of 12729?
9
What is the tens digit of 59329?
2
What is the units digit of 171049?
9
What is the units digit of 1125?
5
What is the hundreds digit of 142962?
9
What is the hundreds digit of 64860?
8
What is the hundreds digit of 6662?
6
What is the hundreds digit of 9355?
3
What is the thousands digit of 62644?
2
What is the hundreds digit of 124686?
6
What is the hundreds digit of 239?
2
What is the hundreds digit of 101396?
3
What is the thousands digit of 9827?
9
What is the hundreds digit of 6300?
3
What is the hundreds digit of 4037?
0
What is the units digit of 953?
3
What is the units digit of 10159?
9
What is the units digit of 1309?
9
What is the ten thousands digit of 33510?
3
What is the hundreds digit of 9584?
5
What is the tens digit of 2550?
5
What is the hundreds digit of 106512?
5
What is the tens digit of 1152?
5
What is the ten thousands digit of 32072?
3
What is the ten thousands digit of 43211?
4
What is the hundred thousands digit of 159680?
1
What is the units digit of 578?
8
What is the units digit of 20230?
0
What is the hundreds digit of 650?
6
What is the thousands digit of 46131?
6
What is the hundreds digit of 355?
3
What is the thousands digit of 6375?
6
What is the units digit of 113177?
7
What is the thousands digit of 10361?
0
What is the thousands digit of 12452?
2
What is the ten thousands digit of 56011?
5
What is the units digit of 24874?
4
What is the hundreds digit of 32417?
4
What is the units digit of 689?
9
What is the thousands digit of 5630?
5
What is the ten thousands digit of 73697?
7
What is the tens digit of 340?
4
What is the ten thousands digit of 17027?
1
What is the units digit of 11042?
2
What is the ten thousands digit of 14267?
1
What is the units digit of 631?
1
What is the tens digit of 12376?
7
What is the tens digit of 115366?
6
What is the tens digit of 34?
3
What is the hundreds digit of 2157?
1
What is the units digit of 3695?
5
What is the hundreds digit of 3765?
7
What is the units digit of 3083?
3
What is the hundreds digit of 402?
4
What is the hundreds digit of 8089?
0
What is the ten thousands digit of 33389?
3
What is the thousands digit of 65080?
5
What is the tens digit of 671?
7
What is the thousands digit of 2191?
2
What is the thousands digit of 2124?
2
What is the hundreds digit of 11507?
5
What is the hundreds digit of 10937?
9
What is the tens digit of 206?
0
What is the thousands digit of 2958?
2
What is the units digit of 194?
4
What is the ten thousands digit of 23405?
2
What is the tens digit of 7940?
4
What is the tens digit of 22702?
0
What is the hundreds digit of 21181?
1
What is the thousands digit of 12507?
2
What is the hundreds digit of 9632?
6
What is the ten thousands digit of 19513?
1
What is the units digit of 4214?
4
What is the units digit of 70690?
0
What is the tens digit of 1732?
3
What is the tens digit of 54?
5
What is the thousands digit of 2446?
2
What is the hundreds digit of 4269?
2
What is the units digit of 86095?
5
What is the tens digit of 203?
0
What is the tens digit of 8665?
6
What is the tens digit of 2760?
6
What is the units digit of 28716?
6
What is the units digit of 1027?
7
What is the thousands digit of 28251?
8
What is the tens digit of 738?
3
What is the units digit of 56127?
7
What is the thousands digit of 7438?
7
What is the tens digit of 29861?
6
What is the hundreds digit of 214?
2
What is the tens digit of 20418?
1
What is the hundreds digit of 123?
1
What is the hundreds digit of 12490?
4
What is the tens digit of 15978?
7
What is the tens digit of 57034?
3
What is the tens digit of 3229?
2
What is the units digit of 33?
3
What is the units digit of 25709?
9
What is the units digit of 5748?
8
What is the hundreds digit of 15595?
5
What is the units digit of 13062?
2
What is the thousands digit of 139397?
9
What is the hundreds digit of 1490?
4
What is the units digit of 632?
2
What is the tens digit of 166?
6
What is the units digit of 213?
3
What is the units digit of 901?
1
What is the tens digit of 15335?
3
What is the ten thousands digit of 45124?
4
What is the tens digit of 17202?
0
What is the units digit of 2587?
7
What is the hundreds digit of 10470?
4
What is the tens digit of 6291?
9
What is the thousands digit of 2954?
2
What is the thousands digit of 1042?
1
What is the tens digit of 51633?
3
What is the units digit of 963?
3
What is the hundreds digit of 2666?
6
What is the tens digit of 1386?
8
What is the ten thousands digit of 23678?
2
What is the tens digit of 5188?
8
What is the tens digit of 12890?
9
What is the hundreds digit of 2784?
7
What is the thousands digit of 3910?
3
What is the hundreds digit of 18004?
0
What is the tens digit of 547?
4
What is the units digit of 186163?
3
What is the units digit of 20?
0
What is the hundreds digit of 5969?
9
What is the units digit of 23955?
5
What is the tens digit of 1051?
5
What is the thousands digit of 84732?
4
What is the units digit of 302?
2
What is the tens digit of 262?
6
What is the tens digit of 267?
6
What is the hundreds digit of 127?
1
What is the hundreds digit of 2079?
0
What is the tens digit of 82578?
7
What is the hundreds digit of 9484?
4
What is the units digit of 43734?
4
What is the hundreds digit of 1427?
4
What is the thousands digit of 1078?
1
What is the tens digit of 18320?
2
What is the tens digit of 1650?
5
What is the hundreds digit of 1141?
1
What is the units digit of 7050?
0
What is the thousands digit of 1090?
1
What is the thousands digit of 2820?
2
What is the hundreds digit of 3983?
9
What is the ten thousands digit of 71828?
7
What is the tens digit of 278?
7
What is the tens digit of 47177?
7
What is the hundreds digit of 819?
8
What is the tens digit of 289?
8
What is the thousands digit of 1611?
1
What is the hundreds digit of 688?
6
What is the thousands digit of 40084?
0
What is the ten thousands digit of 12274?
1
What is the hundreds digit of 363?
3
What is the thousands digit of 6119?
6
What is the tens digit of 15633?
3
What is the thousands digit of 1154?
1
What is the thousands digit of 2998?
2
What is the thousands digit of 38327?
8
What is the tens digit of 85284?
8
What is the units digit of 13702?
2
What is the tens digit of 3630?
3
What is the tens digit of 34622?
2
What is the units digit of 60?
0
What is the thousands digit of 2108?
2
What is the tens digit of 9409?
0
What is the ten thousands digit of 89364?
8
What is the units digit of 3158?
8
What is the tens digit of 692?
9
What is the tens digit of 87?
8
What is the tens digit of 18640?
4
What is the tens digit of 1530?
3
What is the hundreds digit of 600?
6
What is the thousands digit of 90588?
0
What is the ten thousands digit of 12679?
1
What is the tens digit of 13737?
3
What is the units digit of 44898?
8
What is the thousands digit of 86690?
6
What is the ten thousands digit of 36662?
3
What is the ten thousands digit of 126012?
2
What is the tens digit of 19364?
6
What is the tens digit of 4240?
4
What is the hundreds digit of 1385?
3
What is the hundreds digit of 16334?
3
What is the units digit of 3966?
6
What is the units digit of 448?
8
What is the thousands digit of 121061?
1
What is the hundreds digit of 156?
1
What is the thousands digit of 1106?
1
What is the thousands digit of 1593?
1
What is the tens digit of 7619?
1
What is the hundreds digit of 1288?
2
What is the units digit of 2498?
8
What is the units digit of 17591?
1
What is the thousands digit of 4364?
4
What is the ten thousands digit of 55816?
5
What is the tens digit of 684?
8
What is the hundreds digit of 77433?
4
What is the tens digit of 828?
2
What is the hundreds digit of 4321?
3
What is the tens digit of 958?
5
What is the tens digit of 22373?
7
What is the ten thousands digit of 68363?
6
What is the thousands digit of 1024?
1
What is the ten thousa